 -3*c - 77 = -s. What is the greatest common factor of c and 14?
14
Let o be -12*3/(-4)*2. Calculate the highest common divisor of o and 2.
2
Let w = 3 + -6. Let p be 9/1 + w/(-1). Calculate the highest common divisor of p and 18.
6
Suppose 0 = 3*v + 3*l - 270, 4*v + v + 4*l - 455 = 0. Calculate the highest common factor of v and 38.
19
Let t be 4/(-6)*(-19 + 1). Calculate the highest common divisor of t and 30.
6
Let z(v) = 2*v**2 - 2*v - 5. Let h be z(4). What is the highest common divisor of h and 76?
19
Let c(g) = 3*g - 4*g - 2 - 7*g - 15*g. Let t be c(-2). Let m = -5 + 9. What is the highest common factor of m and t?
4
Let t(y) = 23*y**2 - 4*y - 3. Let b be t(-1). Calculate the greatest common divisor of b and 120.
24
Suppose 3*g - 3*q = 111, -5*g = -3*q - 14 - 167. Let m be g/10 - 2/(-4). Calculate the highest common factor of m and 4.
4
Let m = 24 - 9. Calculate the highest common divisor of m and 6.
3
Let r(y) = 2*y**3 - 4*y**2 - y + 1. Let z be r(3). Let c = 31 - z. Calculate the greatest common factor of c and 3.
3
Suppose 0 = -4*n + 8*n - 240. Let s be n + 5/(15/12). What is the greatest common factor of 16 and s?
16
Let m(w) = w + 1. Let b be m(4). Suppose -5*d + 176 = 3*f - 2*f, -b*d + 880 = 5*f. Calculate the highest common factor of 22 and f.
22
Let n(t) = 500*t**2 - 2*t + 1. Let b be n(1). Suppose 2*h - 7*h + b = -2*m, -2*h + 200 = -m. What is the highest common divisor of h and 11?
11
Suppose 0 = -4*b + 22 + 58. Calculate the greatest common factor of 10 and b.
10
Let k be 3/(-15) - (-2382)/10. Let x be k/6 - 4/6. Suppose -3*o + x = v, -o + 21 = o - v. What is the highest common divisor of 18 and o?
6
Let v = 130 - 70. What is the highest common divisor of v and 24?
12
Let g(u) = -2*u + 2. Let t be g(-5). Let d(p) = -p**3 + 4*p**2 + p + 4. Let a be d(4). Calculate the greatest common divisor of a and t.
4
Let i be ((-850)/40)/(1/(-4)). Suppose h = z + z - i, -70 = -2*z - 2*h. Let l be (-52)/(-6) - (-4)/(-6). Calculate the highest common divisor of z and l.
8
Let k(c) = c**2 - 16*c - 32. Let d be k(20). What is the highest common divisor of 6 and d?
6
Suppose -8*k = -16*k + 48. Let q be 47 + (1 - (1 + -1)). Calculate the greatest common divisor of k and q.
6
Let i(l) = -l**2 - 5*l + 2. Let b be i(-4). Suppose 2 = 4*k + b. Let h be k + 29 - 2/1. What is the greatest common divisor of h and 65?
13
Let d = 87 + -54. Let v(m) = -8*m - 2*m - 1 + 2. Let u be v(-1). What is the greatest common divisor of u and d?
11
Let t = -17 - -24. Suppose q - 10 - 32 = 0. Let i = q - 7. What is the greatest common factor of i and t?
7
Let r = -22 - -14. Let s = -3 - r. What is the highest common divisor of 25 and s?
5
Let f be 1 + (-4)/(8/(-6)). Suppose 3*o + f*h - 6*h = 13, -3*o - 7 = 2*h. Let r be 154/8 - o/4. Calculate the greatest common factor of r and 133.
19
Suppose 2*k = 16 - 0. Suppose 0 = 3*t - 1 - k. Let s = 21 + t. What is the greatest common divisor of s and 36?
12
Suppose 2 = 5*q - 23. Suppose 3*j + 546 = 3*z, z - 5*j + 773 = q*z. Let t(y) = y**2 + 4*y - 4. Let h be t(3). What is the highest common factor of z and h?
17
Suppose 5*o + 295 = 2*q, -3*q + 86 = 4*o - 299. Calculate the highest common factor of 15 and q.
15
Let i(f) = f**2 + 8*f + 3. Let s be i(-9). Suppose -s = -3*l, 3*w - 181 = -0*l - 4*l. What is the highest common factor of 11 and w?
11
Let a(m) = -8*m**3 - m**2 + 1. Let t be a(-1). Let d be 862/t + (-3)/(-12). Calculate the greatest common divisor of 12 and d.
12
Let n(k) = k**3 - 7*k**2 + 12. Let u be n(7). What is the greatest common divisor of u and 60?
12
Suppose -3*f + 3*n = -2*f - 49, 4*n = -f + 84. Calculate the greatest common factor of 8 and f.
8
Let w(q) = q**3 + 18*q**2 + 16*q - 15. Let a be w(-17). What is the greatest common factor of 2 and a?
2
Let p = -28 + 73. What is the highest common factor of 5 and p?
5
Let z be -1*(4 + (-9)/3). Let p be 17 + -3 + (z - -4). Calculate the highest common factor of 34 and p.
17
Suppose -z + 3*w = -3, -10 + 4 = -2*z - 4*w. Suppose 0 = z*f - 2 - 34. Let m = -16 - -34. What is the highest common divisor of m and f?
6
Suppose 5*s - 5*b = 3*s - 93, 3*s + b = -97. Suppose 2*z = 4*z - 116. Let w = s + z. Calculate the highest common divisor of 6 and w.
6
Suppose 3 = -2*v + 17. Let y = v - 4. Suppose y*z = -4*t + 70, 0 = -4*z - t + 3*t + 86. Calculate the greatest common divisor of z and 2.
2
Suppose 18 = -2*m + 4*s, 3*m + 4*s - 3*s = 8. Suppose 4*g = -4*c - 0*c + 36, 0 = -4*c + 2*g + 12. What is the greatest common divisor of m and c?
1
Let c = 18 - 8. Suppose 2*o + 10 = 2*q, 2*q - 2*o - c = o. What is the greatest common factor of q and 40?
5
Suppose -114 = -5*u + 146. Let g = 12 + u. What is the greatest common factor of g and 8?
8
Suppose -2*w + 3*w = 5*v + 36, -5*v + 20 = 0. Calculate the greatest common divisor of w and 70.
14
Suppose 0 = 19*c - 16*c - 45. Suppose 810 = 4*m - 7*m. Let j = -150 - m. What is the greatest common factor of c and j?
15
Suppose 2*v + g = v + 1, -4*v + 5 = 5*g. Suppose -m - m + 4 = v. Calculate the highest common factor of m and 22.
2
Suppose 2*l = -a + 11, a + 5 = 5*l - 12. Let r(f) = 14*f. Let k be 3 - (2 - (0 + 1)). Let p be r(k). Calculate the greatest common factor of p and l.
4
Suppose -i + 0 + 1 = -2*t, 0 = 4*t - i - 1. Suppose 10 = 2*c + s, c - 4*s = -9*s - 13. Let p = c + 0. Calculate the highest common factor of t and p.
1
Suppose 24*i = 4*i + 2380. What is the highest common factor of i and 7?
7
Suppose z + 72 = 3*z. Suppose -2*i - i = -z. Calculate the greatest common divisor of i and 60.
12
Let p be (1 + (-6)/2)/4*-40. Suppose -3*u + 24 = -5*o - 71, 5*u = -5*o + 225. What is the highest common divisor of u and p?
20
Let j(q) = 15*q**3 + 3*q**2 - 5*q + 4. Let z be j(2). What is the greatest common divisor of 18 and z?
18
Let b be (8/(-10))/(4/(-10)). Suppose b*h - 76 = -2*h. What is the greatest common factor of h and 152?
19
Let s = -9 - -3. Let x(z) = z**3 - 3*z**2 - 5*z + 4. Let o be x(4). Let j = o - s. What is the greatest common divisor of 6 and j?
6
Suppose 2*q - 4*c - 334 = c, 0 = 3*q - 4*c - 494. Calculate the greatest common factor of 18 and q.
18
Let z be 44/10 - 6/15. Suppose -c = z*f + f - 45, 2*f - 2*c - 6 = 0. Suppose 1 = 2*p - 31. Calculate the greatest common factor of p and f.
8
Let t(v) = v**3 + 6*v**2 + 7. Let i be t(-5). Suppose 48 = 5*c - i. Suppose -c = -g - 4*l - 0, -6 = -3*l. Calculate the highest common factor of 24 and g.
8
Let k(h) = h**2 - 11*h + 11. Let l be k(10). What is the highest common factor of 4 and l?
1
Let g be -1*2*5/(-10). Suppose -8 = -3*i - 26. Let y be (4/i)/(2/(-3)). Calculate the highest common divisor of y and g.
1
Let d be (-1*(-104)/(-2))/1. Let j be (-580)/d + (-2)/13. Calculate the greatest common factor of 33 and j.
11
Let c be 15/6*8/(-5). Let d(k) = 5*k**2 - 5*k - 4. Let i be d(c). Calculate the greatest common factor of i and 12.
12
Suppose -28*j + 27*j = -14. Let s be ((2 - 1)*4)/2. What is the greatest common divisor of j and s?
2
Let p = 1 + 0. Let u(g) = 2*g + 6. Let r(m) = 3*m + 7. Let a(y) = 5*r(y) - 6*u(y). Let x be a(p). What is the greatest common divisor of 6 and x?
2
Let r be (-32)/6*(-6)/4. Let u(z) = z**2 + 2*z + 9. Let i be u(-5). What is the highest common divisor of i and r?
8
Let y = 7 - 3. Suppose -70 = -y*x - 2*v - 0*v, -x - 4*v = 0. Suppose o - 46 = -3*s, s - 42 = -o - 0*o. What is the highest common factor of o and x?
20
Let v(u) = -u**2 - 8*u + 2. Let q be (-1)/5 + 102/(-15). Let s be v(q). What is the greatest common divisor of s and 72?
9
Suppose 0 = 4*h + 5 - 13. Let y = 9 + h. Suppose q = 3*q - 110. What is the greatest common divisor of q and y?
11
Let l(r) = 5*r + 3. Let f be l(2). What is the greatest common factor of 39 and f?
13
Let v = -1 - -3. Let a be (6/(-4))/(v/(-16)). Calculate the highest common factor of 60 and a.
12
Let v(s) = -s**2 - 4*s - 2. Let h be v(-3). Let j be (h - 3) + -1 + 12. Calculate the highest common divisor of 1 and j.
1
Suppose 0 = 5*w + 2*n - 990, -2*n - 425 = -2*w + 3*n. What is the highest common factor of 25 and w?
25
Let m(j) = j**2 - 2*j - 11. Suppose -4*s = -32 - 12. Let h be m(s). Calculate the highest common factor of 22 and h.
22
Let u(f) = 5*f - 48. Let p be u(12). What is the highest common divisor of 48